l(t) = t + 1. Let x(f) = 7*f + 10. Let u(y) = 6*l(y) - x(y). Determine u(q).
0
Suppose 3*u = -52 + 16. Let i(y) = y + 11. Let g be i(u). Let j(w) = 2*w - 1. Calculate j(g).
-3
Let a(n) = 7*n. Let y(u) = 99*u. Let i(p) = -55*a(p) + 4*y(p). Suppose 0 = -21*o - 30 + 9. Determine i(o).
-11
Suppose 5*q + 9 + 26 = -5*t, -2*q = t + 11. Let k(h) = 2*h**2 + 4*h - 5. Let y(o) = o**2 + 2*o - 3. Let g(l) = -3*k(l) + 5*y(l). Give g(t).
-3
Let o(g) = -6*g - 1 + 1 + 1 - 3*g. Suppose 2*s = 4*r - 4, 4*r + 2*s - 3 = 1. Give o(r).
-8
Let q(h) = -8*h**2 - 8*h + 26. Let d(m) = -3*m**2 - 3*m + 9. Let f(p) = 17*d(p) - 6*q(p). What is f(-2)?
-9
Let g(u) = -3*u - 4. Let o be g(6). Let n = 37 + o. Suppose -2*s + 24 - 7 = 3*q, -2*q + n = 5*s. Let i(b) = -5*b**3. Give i(s).
-5
Let o(r) = -r**2 + 4*r - 1. Suppose 0 = -28*j + 25*j + 15. Give o(j).
-6
Let n(z) = -7*z**3. Let q(s) = s**2 + 5*s + 1. Let w = 4 + -9. Let k be q(w). Calculate n(k).
-7
Let s(k) = -8*k. Suppose 3*g - 4 + 1 = 0. Give s(g).
-8
Let c(d) be the third derivative of -d**4/24 - d**3/6 - 16*d**2. Determine c(0).
-1
Suppose 3*b - b - 10 = 0. Let q(s) be the third derivative of -s**3 + 0*s + 1/12*s**4 - s**2 + 0. Determine q(b).
4
Let c(r) = -5 + 4 + 0 + 2*r**3 - 2*r**2. Calculate c(2).
7
Let d(p) = -p + 6. Suppose 3*f = -o + 12, 0 = 3*f + 3*o - 18 - 0. Determine d(f).
3
Let m(f) = -f**2 + 9*f - 3. Let d be (-34)/(-4) - (-4)/40*-5. What is m(d)?
5
Let i(o) be the third derivative of -11*o**6/120 - o**5/30 + o**3/6 + 25*o**2. Give i(-1).
10
Let x(f) be the second derivative of -f**3/6 - f**2 - 2*f. Let v be x(-2). Let i(c) = -8*c + v*c + c. Calculate i(-1).
7
Suppose y - 4*y - 11 = -5*o, -3*o - y = -15. Let q(f) = 2*f - o + f - 4*f. Let t(w) = -w**2 - 5*w + 10. Let m be t(-7). Determine q(m).
0
Let a be (-5)/((-2)/(-2) - 2). Let x(w) = 2*w - 1. Let m be 4 + 3*2/3. Let n(b) = 1. Let j(k) = m*n(k) - x(k). Calculate j(a).
-3
Let u(q) = -2*q - 10. Let h(v) = -8*v - 15. Let y(p) = 7*p + 14. Let c(z) = -5*h(z) - 6*y(z). Let s(f) = 6*c(f) - 5*u(f). What is s(-4)?
4
Let i = 3 + -2. Let b(h) = -2*h + 1. Let p(k) = k + 1. Let u(t) = i*p(t) + b(t). Let z = 33 + -32. Calculate u(z).
1
Let w(t) = 2*t**3 + 2*t**2 - 2*t + 1. Let b be w(1). Let r(x) be the first derivative of 7/2*x**2 + b - x. Determine r(1).
6
Let w = 21 - 20. Let y(h) = h**3 - h**2 - h - 1. Let n(c) = 12*c**3 - 7*c**2 - 3*c - 6. Let s(t) = -n(t) + 5*y(t). Calculate s(w).
-6
Let o(k) = 0*k**3 + 581 - k**3 - k - k**2 - 578. Calculate o(0).
3
Suppose -4*k - 1 = -5. Suppose k = 5*r - 4. Let l(q) = q - 1. Determine l(r).
0
Let z(h) = h**3 - 8*h**2 - 9*h + 4. Suppose 19 = -7*r + 82. Determine z(r).
4
Let b(q) = 2*q - 6. Let p(v) = v**2 - 2*v + 1. Let d = -1 - -4. Let n be p(d). Give b(n).
2
Let m(s) = -2 - 1222*s**2 + 1221*s**2 - 8*s + 9. What is m(-9)?
-2
Suppose 3*z + 17 = -5*u + 4, 0 = u - 3*z - 1. Let i(j) = -j**3 + 9*j**2 + 2. Let f be i(9). Let l(g) = -4*g**f + g**2 + 3*g + 0 + 2 - 2*g. Determine l(u).
-12
Let h(x) = -3*x + 2*x + 3*x - x - 8. What is h(0)?
-8
Suppose -11*b = -7*b + 4. Let r(p) = -7*p + 1. Determine r(b).
8
Let a(q) = q**3 + 9*q + 9 - 5*q**3 + 2*q**3 + 3*q**3 + 8*q**2. Calculate a(-7).
-5
Let r(o) = -3*o**2 - 4*o - 9. Let f(m) = m**2 + 2*m + 4. Let u(q) = -7*f(q) - 3*r(q). Determine u(-1).
3
Let b(c) = 2*c - 2. Let i be (-1)/(-5) + (-24)/(-5). Suppose -3*p = i*q - 21, -7 = -6*q + q + 4*p. Calculate b(q).
4
Let u(s) be the second derivative of s**4/12 + 2*s**3/3 - 2*s**2 + 2*s. Determine u(-4).
-4
Let q = 2 - -1. Suppose 0 = l - v - 18, 5*l + q*v - 2*v - 96 = 0. Suppose -4*t + l - 3 = 0. Let z(d) = d**2 - 4*d - 2. Determine z(t).
-2
Suppose -2*f - 1 - 2 = -3*n, -4*n + f = -9. Suppose 3*g + 21 = -3*h, -2*h - n*h = -2*g + 21. Let i(a) = -5*a**2 - a**3 + 4*a - 3*a + a + 4 + 1. Give i(h).
-5
Let j be 24/((-16)/(-4)) - 0. Let z(w) = w**3 - 7*w**2 + 3*w + 8. Give z(j).
-10
Let o(j) be the third derivative of 0 - 2*j**2 - 1/60*j**5 + 0*j + 1/6*j**4 + 1/6*j**3. Let m be -3*(-2 - (-2)/6). Determine o(m).
-4
Suppose t = -5 + 13. Suppose 4*z + t = 2*z. Let p(f) = -43 + 87 - 45 - 4*f - f**2. Give p(z).
-1
Let q(u) = 8*u - 7. Let c(z) = -9*z + 8. Let m(l) = 5*c(l) + 6*q(l). Let s(a) = a + 8. Let g be s(-6). Suppose 2 = 3*h - g*h. What is m(h)?
4
Let o(f) = 79*f**2 - 159*f**2 + 3*f - 7 + 81*f**2. Calculate o(-5).
3
Let c(q) = 2 - 8*q**2 + 7*q + 10*q**2 - 3*q**2 + 2*q**2. Give c(-5).
-8
Let v = -142 + 138. Let s(x) = -x. Let z(c) = -c. Let u(b) = 3*s(b) - 5*z(b). Determine u(v).
-8
Let b(t) = -2*t - 13. Let k(o) = -o - 13. Let s(i) = -2*b(i) + 3*k(i). Calculate s(9).
-4
Let z(h) be the first derivative of -3*h**2/2 + 9*h + 16. Calculate z(6).
-9
Let j(x) = -x**3 + 7*x**2 - 2*x + 2. Let s(c) = -c + 11. Let d be s(4). Give j(d).
-12
Let i(d) = -d**2 - 3*d - 13. Let m(t) = -t**2 - 4*t - 12. Let b(l) = 3*i(l) - 4*m(l). Determine b(-6).
3
Let d = 3 + -1. Suppose -3 - d = x. Let f(u) = -u**3 - 4*u**2 + 7*u + 4. What is f(x)?
-6
Let d(l) = l + 1. Let o(k) = k**2 + 5*k - 9. Let b be o(-7). Suppose 3*m = -b*h + 3, -2*m + 1 = h - 1. What is d(h)?
1
Let u(k) = k. Let n(m) = -m + 3. Suppose -2*r + 5 = 4*p - 5*p, r + 2*p = 15. Let q be n(r). What is u(q)?
-2
Let l(m) = m**2 - 3*m + 2. Let g = 17 - 14. Give l(g).
2
Suppose 4*w + 154 - 138 = 0. Let m(g) = -g**2 - 3*g - 6. What is m(w)?
-10
Let k(z) be the third derivative of -z**4/6 - z**3/6 + z**2. Suppose -3*u = 3*g + 18, -2 = -4*u - 3*g - 22. Calculate k(u).
7
Suppose -3*r = 12, 0*q + 3*q = 5*r + 2. Let p(d) = d - 4. Give p(q).
-10
Let g(n) be the second derivative of -n**5/30 + n**4/12 - n**3/3 - 5*n**2/2 - 6*n. Let j(q) be the first derivative of g(q). What is j(3)?
-14
Let c be (2*(-25)/10)/(-4 + 5). Let r(k) = k**3 - 7*k**2 - k + 1. Let w(h) = -2*h**3 + 8*h**2 + 2*h - 1. Let m(q) = 3*r(q) + 2*w(q). Determine m(c).
-4
Let v = 20 + -25. Let r(y) = -y**3 - 6*y**2 - 5*y - 3. Calculate r(v).
-3
Let w(p) = p**2 - 2 + 1 - 3*p**3 + p**3 + 6*p**3. Suppose 2*c = 2*k - 12, 3*c + 2*k = -0*k - 8. Let g = 5 + c. Calculate w(g).
4
Let r(k) = -k - 1. Let b(y) = -y**2 + 12*y - 8. Let w(u) = -b(u) - 2*r(u). Determine w(8).
-6
Let d(y) = -y**2 - 10*y - 4. Suppose 0 = 4*t + 92 - 60. Determine d(t).
12
Let u(j) = 6*j + 1. Suppose -3*a = a - 12. Let x(c) = c**2 - 2*c - 1. Let s be x(a). Let y be (-1)/(-2)*s*1. Give u(y).
7
Let u(k) = 6*k**2 - 13*k + 11. Let h(w) = -7*w**2 + 14*w - 12. Let v(r) = -5*h(r) - 6*u(r). Give v(7).
1
Suppose -2*l + 9 = -t - 11, 0 = -5*l - 5*t + 50. Let h(u) = -l*u - 5 + 8*u + u. Calculate h(0).
-5
Let r(k) be the third derivative of -k**5/12 - k**4/24 - 10*k**2. Give r(1).
-6
Let y(k) be the second derivative of 2*k**4/3 - k**3/6 - k**2/2 - 8*k. Calculate y(-1).
8
Let a(r) = 2*r**2 - 8*r - 6. Let l be 0/(-2 - -6) + 6. Give a(l).
18
Suppose -20 = o - 6*o. Let g(p) = -p**2 + 11*p - 4. Let r be g(10). Let h(w) = -2*w**2 - 1 + w**2 + 2*w**2 - 7*w + r. Calculate h(o).
-7
Let d(i) = -i**2 + 8*i - 10. Suppose 4*a + 4*t - 23 = -t, -2*t = -4*a + 30. What is d(a)?
-3
Let f = -14 - -16. Let w(t) = t**3 + f*t**2 - 2 + 0*t**2 - 1. Give w(-3).
-12
Let c(x) = 23*x - 3 + x**2 + 4*x**2 - 3*x**2 - 24*x. Calculate c(3).
12
Let z(j) be the first derivative of -j**4/4 + 2*j**3/3 + 5*j**2/2 - 2*j + 11. Calculate z(3).
4
Let q(g) = 3*g**3 + 5*g**2 + 7*g - 1. Let i(d) = 10*d**3 + 14*d**2 + 22*d - 3. Let a(n) = -2*i(n) + 7*q(n). Determine a(-6).
5
Let j(h) = 2*h**2 - 1. Suppose -2*a + 4 = -0*a. What is j(a)?
7
Suppose w = -w + 4. Suppose -2*o = w*o + 4*x + 4, -3*x - 9 = -3*o. Let a(j) be the second derivative of -j**4/4 + j**2/2 + j. Calculate a(o).
-2
Suppose -3*r + 7*r = -12. Let n(w) = -w**3 - 3*w**2 - 5*w - 3. What is n(r)?
12
Let a(y) = -5*y + 10*y - 1 - 3*y. Suppose -v - 2 = 0, 3*s - 5*v = -s - 6. Give a(s).
-9
Let j(m) = 2*m**2 + m. Let z be (-56)/(-40) + -6*3/(-30). What is j(z)?
10
Let q(t) = t**2 - 13*t + 2. Let l be q(13). Let g(o) = -o**3 + 5*o**2 - 2*o - 1. Calculate g(l).
7
Let a(r) = 2*r + 1. Suppose 5*p + 15 = -0*p - 2*c, -4*c = -p + 19. What is a(p)?
-1
Suppose 2*d + 0*v - 21 = 3*v, 5*v = -25. Let p be (d/(-4) + 2)*-4. Let o(b) = -b**2 - 2*b + 7. Give o(p).
-8
Let c(n) = 3*n**2 + n + 1. Let q = -2 - 2. Let f be -1*2/q*-2. Let y = -2 - f. Give c(y).
3
Let m be (-9 - -8)*(5 - 1). Let s(l) = -29*l**2 + 14*l + 11. L